- (-8)/(-2)).
9
Let g(c) = 3*c. Suppose -2*x - 5*t = -32, 3*x - 2*t - 39 = -5*t. Calculate the remainder when g(6) is divided by x.
7
Suppose 4*x = -5*t + 110, -3*x = -x - 10. Let i = -359 - -369. Calculate the remainder when t is divided by i.
8
Suppose u = -4*u - x + 204, -4*u = -5*x - 169. Let r = 53 + -31. Calculate the remainder when u is divided by r.
19
Let b(j) = 8 + j**2 - 2*j**2 + 7*j**2 - 5*j**2. Suppose -3*c + 43 = -x, -2*c + 3*x = -12 - 12. Calculate the remainder when b(7) is divided by c.
12
Let n = -3 + 78. What is the remainder when n is divided by 19?
18
Let y be (1 - 0) + 15/3. Let q = y + -2. What is the remainder when 10 is divided by q?
2
Let l(g) = g + 7. Let i be l(-5). Let y be 99/(-6)*i + 2. Let f = y + 43. What is the remainder when 35 is divided by f?
11
Suppose -13 = -p - 3*w, 2*w + 10 = -2*p + 4*p. Suppose 4*d + 41 = 3*a, -2*a + p*a = -d + 99. What is the remainder when a is divided by 7?
5
Suppose 2*c + 18 = 5*r - c, 2*c = -5*r + 13. Let y(b) = b**3 - 2*b**2 - 2*b + 1. Calculate the remainder when 11 is divided by y(r).
3
Suppose 2 = -q - t + 3, 3*q - 5 = -5*t. Suppose -5*i + 183 - 33 = q. Let p = i + -16. What is the remainder when p is divided by 8?
6
Let d be (-1 + 3)/((-1)/(-3)). Let v(l) = -l**2 + 9*l - 1. Calculate the remainder when 33 is divided by v(d).
16
Suppose 5*v - 3 = 17. Suppose -3*j + v*j = 8. Suppose j*m - 3*m - 5 = 0. Calculate the remainder when 1 is divided by m.
0
Suppose -3*v = 3*x - 192 + 27, 157 = 3*v - x. Calculate the remainder when v is divided by 19.
15
Let z = 9 + -9. Suppose -2*o = -z*o - 60. Calculate the remainder when o is divided by 11.
8
Suppose -o + 2*o - 50 = 2*x, 8 = 4*x. Calculate the remainder when o is divided by 14.
12
Let p(n) = -n**2 + 17*n - 20. Calculate the remainder when 108 is divided by p(14).
20
Suppose 0 = -2*n - 8, -2*m + 3 = 3*n + 9. Suppose m*v - 6 = 60. Let z = -12 - -18. What is the remainder when v is divided by z?
4
Let b(k) = 3*k - 15. Let y be b(14). Let n = y - 14. What is the remainder when 25 is divided by n?
12
Suppose -35 - 1 = -6*d. What is the remainder when d is divided by 3?
0
Suppose 5*x - 1053 = -3*z - z, -3*x - 4*z + 627 = 0. Calculate the remainder when x is divided by 54.
51
Calculate the remainder when (-1140)/(-9) + 2 + 24/(-9) is divided by 26.
22
Suppose -32*p = -37*p + 410. What is the remainder when p is divided by 28?
26
Let j = -15 - -25. Let x = 5 + 1. Calculate the remainder when j is divided by x.
4
Suppose 4*p = -0*z + z + 167, 205 = 5*p - 5*z. Let o = 83 - p. Suppose -8*m + 77 + 35 = 0. Calculate the remainder when o is divided by m.
13
Suppose -5*y - u + 31 - 8 = 0, -3*y - 4*u = -24. Suppose 17 - 57 = -y*j. Suppose o = -3*d + j, 2*d + 2*o = d. What is the remainder when 7 is divided by d?
3
Suppose 4*x - c - 28 = 173, 0 = 2*x - 5*c - 87. What is the remainder when x is divided by 27?
24
Suppose 5*a - a = 24. Calculate the remainder when 9 is divided by a.
3
Let x be (0/(-3))/(-1 + -1). Suppose 0*b - 2*b + 22 = x. Suppose b = j - 4*c - 20, 4*j - 5*c = 135. Calculate the remainder when j is divided by 12.
11
Let z be -2 + (1 - -1) + 22. Let d = z + 28. Calculate the remainder when d is divided by (-8)/(5 + -1) - -19.
16
Let y(b) = 2*b**2 - 2*b - 2. What is the remainder when 63 is divided by y(4)?
19
Suppose -258 = -4*g - 0*g + 2*n, 3*n + 322 = 5*g. What is the remainder when g is divided by 18?
11
Suppose -7*f + 4*f - 36 = -3*l, 32 = 2*l + 2*f. What is the remainder when 53 is divided by l?
11
Let c be (0 + -2 - -1)/1. Let n(x) = 49*x**2 - x - 1. Suppose 4*v = 18 + 50. What is the remainder when n(c) is divided by v?
15
Let g(n) = -n**3 - 3*n**2 - 3*n + 2. What is the remainder when 88 is divided by g(-4)?
28
Suppose -2 = 3*q + 1. Let p be q + 2 + -1*6. Let u(g) = -g**3 - 5*g**2 - g - 1. What is the remainder when 7 is divided by u(p)?
3
Suppose 3*p - 502 + 88 = 0. Suppose -t + 4*u - p = -6*t, -3*u = -2*t + 46. Calculate the remainder when t is divided by 14.
12
Suppose 5*o + t - 2 - 3 = 0, -2*t - 16 = -3*o. Let a(s) = 10*s**2 - s + 2. Calculate the remainder when a(o) is divided by 21.
19
Let s = -17 - -22. What is the remainder when 19 is divided by s?
4
Let v(u) = -u**2 + 15*u - 4. Let d be v(13). Suppose 0*k = k - d. Suppose -132 = -5*c - k. What is the remainder when c is divided by 6?
4
Let c = -13 + 16. Suppose c*a = 1 + 38. Calculate the remainder when (9 + -1)/2*6 is divided by a.
11
Let u = -11 + 5. Let o be (5 + 0)*u/(-10). Suppose -o*a + 54 = -4*i, a + 0*i - 17 = i. Calculate the remainder when a is divided by 5.
4
Let l be -39 - 4/4 - -2. Let h = l - -55. Calculate the remainder when h is divided by 6.
5
Let l = 103 - 96. Calculate the remainder when 26 is divided by l.
5
Let p = 24 + -14. Let z = 15 - p. Suppose a + 0*a - 19 = 5*n, -z*a - 4*n = -37. Calculate the remainder when 25 is divided by a.
7
Let q = 8 - -5. Suppose -6*b + 96 = -2*b. What is the remainder when b is divided by q?
11
Let t = -2 - -6. Suppose -t*x = 54 - 142. Let p = -12 + x. What is the remainder when 18 is divided by p?
8
Let p(o) = -36*o + 3. Calculate the remainder when 114 is divided by p(-1).
36
Let o(n) = -n**3 - 5*n**2 - 4*n - 6. Let i be (-34)/6 + (-4)/(-6). Calculate the remainder when 39 is divided by o(i).
11
Suppose 2 = -2*x - m + 33, -40 = -2*x + 2*m. Calculate the remainder when 382/8 - 1/(-4) is divided by x.
14
Suppose 0 = 10*o + 400 - 1100. Calculate the remainder when o is divided by 18.
16
Suppose 3*s - 34 = 7*r - 8*r, 0 = -4*r - s + 92. Calculate the remainder when 108 is divided by r.
20
Suppose 0 = -5*i + 3*t + 138, 2*t - 84 = -3*i - 5. Suppose 29*u = 199 + 4. Calculate the remainder when i is divided by u.
6
Suppose -627 + 11 = -8*l. What is the remainder when l is divided by 20?
17
Suppose -24 - 2 = -2*r. What is the remainder when 49 is divided by r?
10
Let v(j) = 8*j + 5. Let b be v(6). Suppose -3*o + 40 = -b. Calculate the remainder when o is divided by 8.
7
Let t = -9 + 13. Let n be (-2)/(-4) + 78/t. Calculate the remainder when 23 is divided by (-12)/5*n/(-6).
7
Suppose -5*f + 2*g - 3*g = -383, -10 = 5*g. Calculate the remainder when f is divided by 6/9 - (-58)/3.
17
Let s(v) = -8*v - 7. What is the remainder when s(-9) is divided by 17?
14
Let c(s) = 4*s**2 - 5*s - 3. What is the remainder when c(5) is divided by (3/4)/((-3)/2)*-50?
22
Suppose -4*c + 2*y = -16, 0*c - 5*y = 2*c + 16. Suppose 5*v = l, 3*v = v - c*l + 12. Let k = v + 2. What is the remainder when 3 is divided by k?
0
Let y(z) = 2*z - 6. Let b be y(6). Let r(k) = k**2 - 6*k + 1. What is the remainder when r(8) is divided by (b/(-4))/((-2)/12)?
8
Let y(t) = t**3 + 16*t**2 - 4*t + 24. Calculate the remainder when y(-16) is divided by 31.
26
Suppose 2*s - k + 4 = -s, s - 2*k = -8. Suppose 36 = -s*u + 4*u. What is the remainder when 24 is divided by u?
6
Let x = -1 + 1. Suppose x = 3*m + m + 92. Let s = m - -33. Calculate the remainder when 38 is divided by s.
8
Suppose 240 = 4*l - 28. What is the remainder when l is divided by 23?
21
Let a = -105 + 194. What is the remainder when a is divided by 10?
9
Suppose 0 = k + q - 49, -3*k - 3*q = -4*k + 61. Calculate the remainder when k is divided by 21.
10
Let g(z) be the third derivative of z**6/120 + 7*z**5/60 + z**4/6 - z**3/3 + 2*z**2. Let j be g(-6). Calculate the remainder when 1 is divided by (-1)/2*j/(-5).
0
Suppose 2*d - d = 2*q + 11, 2*q = 4*d - 68. Calculate the remainder when 49 is divided by d + (1 - 1) - 2.
15
Let p(i) = -i**3 + 9*i**2 + 25*i - 24. Let h = -26 - -41. Calculate the remainder when h is divided by p(11).
6
Let b(h) = h**2 + 9*h + 4. Let o be b(-9). Suppose -2*m + 4*k + 90 = 0, o*m - k - 2*k = 160. What is the remainder when m is divided by 13?
11
Suppose a + 3*k = -a + 39, 3*k = -3*a + 51. What is the remainder when 23 is divided by a?
11
Suppose 0 = 2*i - 3*i + 7. Let h = 5 + -8. Calculate the remainder when h*(13/3)/(-1) is divided by i.
6
Let h = 14 + 47. Suppose 3*o + 2215 = 4*z, 2*o - 1640 = -z - 2*z. What is the remainder when h is divided by z/35 + (-2)/(-7)?
13
Let o(j) = 6*j + 7. Let d(t) = -6*t - 6. Let z(p) = 6*d(p) + 5*o(p). Calculate the remainder when 8 is divided by z(-1).
3
Let k be 5/(5/26)*1. Suppose -2*u = -4*p + 58, 0 = 3*p - p - 4*u - k. Calculate the rem